8
Let f = -148 + 274. Suppose 235 = -2*o + 7*o. Let y = -29 + o. Calculate the highest common divisor of f and y.
18
Let s(z) = -z**2 - 122*z - 429. Let p be s(-118). What is the highest common divisor of p and 32637?
43
Suppose 0 = -4*z + 41 - 5. Suppose -21 - z = 2*a. Let s = 48 + a. What is the highest common divisor of 3 and s?
3
Suppose 166*p + 189 = 173*p. What is the greatest common factor of 279 and p?
9
Suppose -73601 = -76*v + 43139 + 10484. Calculate the greatest common factor of 810 and v.
54
Let u = 5815 + -5129. What is the greatest common factor of 16121 and u?
343
Let h = 512 - 510. Let b(c) = 8*c - 10. Let l(u) = -41*u + 50. Let i(d) = 11*b(d) + 2*l(d). Let t be i(4). What is the greatest common factor of h and t?
2
Let y be ((-10146)/18 - 7)*3/(-2). What is the greatest common divisor of y and 4?
4
Let o be -2*(-354 - 3)/3. Suppose 82*c + 378 = 109*c. What is the greatest common divisor of c and o?
14
Let i = 60 - 38. Suppose 0 = -5*w + q + 79, 2*q = -3*w + w + i. Let c = -21 - -36. What is the greatest common factor of w and c?
15
Let z be (-15418)/(-429) - (-4)/66. Calculate the highest common divisor of z and 864.
36
Suppose 5*m + 2084 - 267 = i, -3682 = -2*i - 2*m. What is the greatest common factor of 22 and i?
11
Let m be 0*(-1)/(-1)*2/6. Suppose -12*t + 757 - 121 = m. Calculate the highest common divisor of t and 265.
53
Suppose -5*l + 24 = -21. Suppose l*m = 4898 - 308. Suppose 3*s - m - 183 = 0. What is the highest common factor of s and 21?
21
Let h(d) = 6*d**3 - d**2 + 22*d + 12. Let v be h(-4). Let g = 620 + v. Calculate the highest common divisor of g and 504.
72
Let i be (6/(-9))/((-2)/6). Suppose -3*q + 3*y - 19 + 61 = 0, -4*y - 24 = 0. Calculate the highest common divisor of q and i.
2
Let t be (-3 + 5)/2*(4 - 256)/(-9). Calculate the greatest common factor of 6356 and t.
28
Let d = -8 - -11. Suppose -d*c - 26 = -4*h, -4*h - 22 = -c + 6*c. Let j be 132*(-1)/(4 + c). What is the highest common divisor of 6 and j?
6
Let u = -5170 - -5485. What is the highest common divisor of 81 and u?
9
Let t(s) = -2*s + 9. Let r be t(-8). Suppose 380 = 5*g + 105. Suppose -p + g = -70. Calculate the greatest common divisor of p and r.
25
Let g(f) = -f**3 - 4*f**2 - 3*f + 6. Let w = 575 + -578. Let h be g(w). What is the greatest common divisor of h and 6?
6
Let z = -73 - -85. Suppose -q = 11*l - 16*l + 542, 0 = 2*l - 5*q - 226. What is the greatest common factor of l and z?
12
Suppose 78*l - 1958 + 86 = 0. Calculate the greatest common factor of 196 and l.
4
Let j(o) = -o**2 - o + 36. Let t be j(0). Let r be ((-441)/14)/(1*2/(-4)). Let y = 351 - r. Calculate the greatest common divisor of y and t.
36
Let z(l) = -2*l**3 + 31*l**2 - 4*l - 100. Let b be z(13). Calculate the highest common factor of 2277 and b.
99
Let l be (2337676/165)/((-40)/(-25)) - 1/(-6). What is the greatest common divisor of 55 and l?
55
Suppose 0 = 3*j - 3*a - 54, 4*j + 3*a = 9*j - 86. Let w = j - 53. Let c = -25 - w. What is the highest common factor of c and 16?
4
Let a be (6/16)/(-23 - (-8107)/352). Calculate the greatest common divisor of a and 3111.
3
Suppose 6*s + 22 = -5*s. Let u be (390/(-117))/(1/66*s). Calculate the highest common factor of 10 and u.
10
Let q be (12 - -2)/7 + 1*2. Suppose -t - q*t - 2*r = -55, 0 = -4*r. Let l = -24 - -79. What is the highest common factor of t and l?
11
Suppose -3*m + x = -m + 340, 3*m + x = -510. Let u = m - -467. Let r be (-4)/(-3)*-3 + 37. What is the highest common factor of u and r?
33
Let o(d) = -3*d**3 - 33*d**2 - 68*d + 19. Let j be o(-10). What is the greatest common factor of j and 513?
57
Let u = -12 + 56. Let h(r) = -r**3 - 26*r**2 - 59*r - 15. Let m be h(-26). Suppose -1869 - m = -7*n. What is the highest common factor of n and u?
44
Suppose 9*f + 8 = 35. Suppose 8 = -2*g, 0 = -2*i + 2*g - 7*g + 34. Calculate the highest common divisor of f and i.
3
Let h be -31 + 29 + 1 + 22. Suppose 0 = h*q - 3*q - 4464. What is the greatest common factor of 8 and q?
8
Let c(f) = -11*f**2 + 35*f + 9. Let l be c(4). Let y be 3/l + 152/72. Calculate the greatest common factor of y and 32.
2
Let h(l) = -3*l - 4. Let s be h(-2). Let b be (-53)/s - 6/4. Let z = 70 + b. What is the greatest common divisor of 6 and z?
6
Let c = 283 + -226. What is the highest common factor of 703 and c?
19
Let q(r) = -2*r + 24. Let f be q(9). Let c(x) = f*x**2 - 6 - 8 + 0 + 3*x + 7. Let d be c(-4). What is the greatest common factor of d and 7?
7
Suppose 0*h = -3*h + 159. Let g = -28 + h. Let f = g - 19. What is the greatest common factor of f and 42?
6
Suppose 17*i + 718 = 21. Let l(c) = -c**3 - 6*c**2 + 6*c + 5. Let f be l(-8). Let s = i + f. Calculate the greatest common factor of s and 11.
11
Suppose -4*a + 26 = -30. Suppose 4*k + 8 = -o, 0 = -0*k - k - 2. Suppose -8 = -3*t - o*t - 2*g, 4*t - 4*g = 44. Calculate the highest common divisor of a and t.
2
Suppose 13*g + 15 = 16*g. Suppose g*y + 8*q = 5*q - 536, -y - 114 = 4*q. Let r = -81 - y. What is the highest common divisor of r and 20?
5
Let n be ((-18)/3 - (-1 - 2)) + 2. Let l be n/(15/(-186)) - 10/25. Let w(p) = p + 13. Let y be w(l). Calculate the greatest common divisor of 50 and y.
25
Let j(v) = 2*v**3 + 8*v**2 + 7*v - 7. Let q be j(-3). Let c(i) = -i**2 + i + 36. Let m be c(0). Let n = m + q. What is the highest common divisor of n and 104?
26
Let j(u) = u**2 + 9*u - 42. Let r be j(10). Suppose -r = l - 187. What is the highest common divisor of l and 13?
13
Suppose 0 = -4*x - t + 11, 0 = 3*x + t - 2 - 5. Suppose -5*i = -2*m - 54, -x*i + 8*i + 3*m - 57 = 0. What is the highest common factor of 21 and i?
3
Let a = 1803 - 1761. Calculate the highest common divisor of a and 980.
14
Let n(q) = -28*q + 1912. Let r be n(39). What is the highest common divisor of 902 and r?
82
Let w be 6 + 8/8 - -335. What is the highest common factor of 1083 and w?
57
Suppose -129219 - 99946 = -148*c - 40021. What is the highest common factor of c and 1?
1
Let q(f) = f**3 - 40*f**2 - 3*f + 122. Suppose 0 = 3*l + 3*a - 0*a - 117, 2*l - 2*a = 82. Let x be q(l). What is the highest common divisor of x and 218?
2
Let i be (-34425)/(-54)*96/30. What is the greatest common divisor of 40 and i?
40
Let x(d) = -3*d**2 + 22*d - 1. Let w be x(7). Let c(a) = -a**3 + 6*a**2 - 6*a + 74. Let r be c(w). What is the greatest common factor of 2 and r?
2
Let n(l) = 4*l**2 - 2*l - 291. Let o be n(-16). Calculate the highest common divisor of o and 225.
45
Suppose -22*v + 1567 = -567. Suppose v*z = 117*z - 1540. What is the highest common factor of 7 and z?
7
Let g(p) = 15*p - 252. Let l be g(17). Suppose 7*k + h = l*k + 59, 5*k - 95 = 3*h. What is the highest common factor of 72 and k?
8
Let p = -102 + 10. Let v = 98 + p. What is the highest common factor of 21 and v?
3
Let z(l) be the second derivative of 0 - 1/6*l**3 + 6*l + 0*l**2 + 3/4*l**4. Let k be z(2). Calculate the greatest common factor of k and 17.
17
Let w = -13964 - -14060. What is the highest common factor of w and 6816?
96
Suppose -3*q + 3 = 0, -2*h - 2*q + 0*q = -1304. Let f = -465 + h. Let i = f + 12. Calculate the highest common factor of i and 22.
22
Suppose u = -9*h + 8*h + 730, 2947 = 4*u - 5*h. Let v be 194/679 - u/(-7). Calculate the greatest common factor of v and 70.
35
Let f(q) = q**3 - 5*q**2 - 9*q + 1. Let v be f(6). Let m be 491 - (v + 15)*5/(-2). What is the greatest common factor of 54 and m?
54
Let v = 15 + -6. Let j(h) = -2*h**2 + 8*h + 10. Let u be j(-1). Suppose 8*g - 99 - 117 = u. Calculate the highest common factor of g and v.
9
Let a = 139 + -79. Suppose -3*z + 33 = -a. Suppose 0 = -4*v + 2*m + 872, 3*m - 410 = -5*v + 669. What is the highest common factor of v and z?
31
Let l = -2562 + 4674. Calculate the highest common factor of 33 and l.
33
Suppose 2*u - 4*s - 784 = 0, 760 + 717 = 4*u + 5*s. What is the highest common factor of u and 837?
27
Let g be (62 + -32)*(-4)/(-5). Let k be -1 - -7 - (-2496)/g. Calculate the greatest common divisor of k and 11.
11
Let q be ((-972)/(-2673))/(4/12386). What is the highest common factor of 2 and q?
2
Suppose -4*t + 474 = 2*l, 5*t - 759 = -3*l - 54. What is the greatest common factor of 9225 and l?
225
Suppose 88 = -6*h + 22. Let q(o) = -o**3 - 12*o**2 - 11*o + 6. Let m be q(h). What is t